 base 12
2b880
What is 2836831 (base 11) in base 9?
10164166
42745 (base 12) to base 2
10101010110100101
10110101011000011010 (base 2) to base 10
742938
Convert -26c02 (base 13) to base 2.
-10001101010001110
Convert -85668 (base 12) to base 10.
-175472
Convert 224155 (base 6) to base 7.
106424
1c480c (base 13) to base 14
14bcad
10377732 (base 8) to base 16
21ffda
20112300 (base 4) to base 2
1000010110110000
Convert 201340 (base 9) to base 13.
422a0
Convert 36783 (base 14) to base 15.
296ee
What is -14bb88 (base 12) in base 16?
-560d8
What is -33055773 (base 8) in base 15?
-9541e0
62069 (base 16) to base 5
100322023
-23222021 (base 4) to base 11
-32972
-c4c90c (base 15) to base 13
-1c28307
-622601 (base 13) to base 15
-30390e
Convert 1833897 (base 12) to base 10.
5045299
What is 123321330 (base 4) in base 14?
2d924
What is -3638a1 (base 11) in base 9?
-1067188
100448 (base 13) to base 12
15b365
-150787 (base 11) to base 12
-b413a
-2f2d1 (base 16) to base 5
-22140413
186b (base 14) to base 2
1000100110111
Convert -1660324 (base 8) to base 14.
-c8308
What is -c492b6 (base 14) in base 2?
-11001010011010101100000
Convert 10153800 (base 9) to base 12.
1772876
-110001011111 (base 2) to base 6
-22355
What is -14a2892 (base 11) in base 12?
-a38a96
What is 113643342 (base 7) in base 6?
411100303
Convert 101011001100001001000110 (base 2) to base 14.
170a0d0
1a98d (base 14) to base 7
401336
What is -2100121111120 (base 3) in base 6?
-42500323
Convert -123777 (base 11) to base 13.
-6ab4a
Convert -64964 (base 15) to base 14.
-84561
Convert 101423222 (base 5) to base 4.
1212221111
Convert 112a0 (base 16) to base 5.
4222204
206456 (base 11) to base 13
b7654
What is 1443434 (base 6) in base 9?
136804
-20000b (base 16) to base 12
-851777
-1101101011101100110 (base 2) to base 12
-197572
-20221010011201 (base 3) to base 5
-1420324120
What is 2003010022 (base 4) in base 14?
dd8dc
Convert -16091 (base 16) to base 15.
-1bb22
-21ba15 (base 15) to base 6
-54252002
-7110 (base 13) to base 6
-200013
What is 318d0 (base 15) in base 6?
3211553
Convert -1419cb2 (base 13) to base 7.
-105036346
157cf (base 16) to base 10
88015
-1100114 (base 6) to base 9
-82651
What is 110837a (base 11) in base 2?
111011010100010011110
Convert 34505524 (base 6) to base 14.
1da9ac
Convert 14948 (base 12) to base 10.
29000
What is -1d232 (base 16) in base 9?
-201636
-222020202220 (base 3) to base 12
-20b020
What is -d5bc0c (base 15) in base 3?
-201010102112110
Convert 1095354 (base 12) to base 14.
5cb756
Convert 1121212112011 (base 3) to base 13.
243076
What is 1102320301 (base 4) in base 3?
122020201021
-243345 (base 10) to base 6
-5114333
What is bc763 (base 13) in base 12?
145973
What is -21553 (base 14) in base 10?
-80629
What is -7667470 (base 8) in base 16?
-1f6f38
Convert -11022200010002 (base 3) to base 5.
-1041441213
-1011000011011001101 (base 2) to base 12
-155725
Convert -152b93a (base 12) to base 8.
-20276576
-14522214 (base 6) to base 9
-854531
1b8600 (base 12) to base 9
828330
43aa7c (base 14) to base 5
1041433204
Convert 15212425 (base 6) to base 9.
887828
-3254131 (base 6) to base 9
-267431
Convert 1663a38 (base 11) to base 15.
3adc07
Convert 8327a (base 15) to base 12.
18068a
What is -173777 (base 9) in base 3?
-12110212121
What is 110243024 (base 5) in base 6?
14124241
What is -12420031 (base 6) in base 10?
-406963
What is 988023 (base 13) in base 9?
6667386
517300 (base 10) to base 3
222021121021
What is -26ca063 (base 13) in base 10?
-12246159
Convert 20432403 (base 5) to base 3.
22200112112
Convert -1011000000101100011011 (base 2) to base 11.
-16a1685
Convert 7d17c9 (base 15) to base 3.
102020202111100
-8763665 (base 9) to base 15
-62e9ce
11382434 (base 10) to base 6
1043544242
Convert -375466 (base 8) to base 4.
-133230312
Convert -241d6 (base 14) to base 13.
-311b0
What is -128a58 (base 14) in base 3?
-1012110001120
34d887 (base 15) to base 9
4670541
Convert -1779482 (base 10) to base 14.
-3446dc
Convert -100000211100 (base 3) to base 6.
-3450530
1583b8 (base 13) to base 4
2001331230
a5aaa (base 11) to base 9
254710
485889 (base 14) to base 10
2474033
What is -2543671 (base 9) in base 15?
-1c5edd
646740 (base 9) to base 7
3163644
Convert 26e52 (base 15) to base 5.
12442402
What is 10010110110101000100 (base 2) in base 7?
5152104
Convert 12314232 (base 5) to base 4.
131102012
What is 10311331321 (base 4) in base 8?
4657571
-11438 (base 11) to base 9
-24560
What is 2110111201 (base 3) in base 4?
23311210
-12548a (base 15) to base 9
-1578104
1147139 (base 13) to base 15
7039b2
What is -6030026 (base 7) in base 6?
-23141245
13000300333 (base 4) to base 6
103221531
What is 472672 (base 9) in base 12?
118518
Convert -17793 (base 14) to base 6.
-1133421
-9191 (base 16) to base 2
-1001000110010001
What is 133b14 (base 12) in base 4?
1031212000
Convert 156454 (base 10) to base 14.
41034
What is -4754315 (base 8) in base 2?
-100111101100011001101
What is -e565 (base 16) in base 13?
-20964
-2a1203 (base 16) to base 14
-51aad5
45188 (base 9) to base 4
13111202
What is -3346132 (base 7) in base 12?
-18027a
Convert -c5b5 (base 15) to base 10.
-41795
What is -3c1c5 (base 15) in base 8?
-570421
What is -2253421 (base 6) in base 12?
-57271
Convert 524541 (base 6) to base 7.
235012
Convert 2011332404 (base 5) to base 8.
17233124
What is -2102122121220 (base 3) in base 14?
-258d12
-d2ba13 (base 14) to base 4
-123011210201
What is -10a132 (base 15) in base 6?
-25001045
What is 15135515 (base 6) in base 11?
32a33a
What is -100204 (base 6) in base 16?
-1eac
12f91f (base 16) to base 13
346c6c
Convert 656873 (base 9) to base 10.
392187
Convert 86773 (base 9) to base 15.
12080
-70a834 (base 12) to base 7
-20651026
What is -75695 (base 11) in base 5?
-12004342
429655 (base 10) to base 9
724334
What is 111011111001000001 (base 2) in base 7?
2041125
bda8 (base 16) to base 6
1012440
40441572 (base 8) to base 16
82437a
What is 2b914 (base 14) in base 7?
632124
What is 43344442 (base 7) in base 15?
4d3d47
-2506215 (base 11) to base 12
-1561239
Convert 5034654 (base 7) to base 5.
123102103
360417 (base 8) to base 13
44092
3444033012 (base 5) to base 6
435055032
12212122001010 (base 3) to base 11
1842949
9916 (base 14) to base 9
40282
Convert -d2eaa (base 16) to base 4.
-3102322222
What is 6ba0 (base 15) in base 5?
1213000
Convert 180b611 (base 12) to base 6.
255032021
40047 (base 12) to base 14
22367
-405768 (base 11) to base 15
-cd1c0
What is 55112 (base 12) in base 11?
77563
Convert -23211311333 (base 4) to base 11.
-1795a36
What is 2236730 (base 8) in base 14?
11aa12
-50706513 (base 8) to base 7
-160051246
11010111110001100100 (base 2) to base 9
1586323
2013013 (base 4) to base 16
21c7
-532126 (base 9) to base 5
-40111431
-39a068 (base 11) to base 4
-2121121102
188538 (base 9) to base 10
117809
What is ba7b4b (base 12) in base 14?
570119
722272 (base 9) to base 14
b2062
What is 1c673d (base 15) in base 8?
5230326
110110010000101 (base 2) to base 9
42087
-42021141 (base 5) to base 9
-575433
Convert 6635422 (base 7) to base 11.
507a77
What is 105b6a6 (base 13) in base 9?
10352673
-356685 (base 9) to base 10
-214889
-315df1 (base 16) to base 13
-8937b3
-242100303 (base 5) to base 7
-12406136
Convert 12011212101 (base 3) to base 8.
307112
-21305305 (base 6) to base 7
-5235536
-302467 (base 8) to base 4
-120110313
Convert -5b672 (base 13) to base 14.
-45379
Convert 48b12a (base 12) to base 4.
10200023302
Convert 13330022 (base 4) to base 12.
169a2
Convert -a4c2 (base 15) to base 14.
-c9a0
-2baf (base 16) to base 14
-410b
What is 453163 (base 7) in base 12?
3a604
Convert -2cb1b4 (base 14) to base 13.
-42b432
-6443546 (base 7) to base 11
-496069
Convert -4054125 (base 7) to base 13.
-13c41c
Convert 11100001010001010 (base 2) to base 4.
130022022
Convert -2a224a (base 11) to base 2.
-1110011000110101110
Convert 46404227 (base 8) to base 15.
d4607d
21220 (base 11) to base 14
b377
Convert 1110001000010101 (base 2) to base 15.
12237
What is -574c5 (base 14) in base 8?
-636425
-20200120012 (base 3) to base 9
-220505
-1323211232 (base 4) to base 7
-4205603
What is -210111202001002 (base 3) in base 11?
-64a8100
10100000011010111 (base 2) to base 12
3b647
-505348 (base 9) to base 12
-125175
What is -53baa2 (b